 a prime number?
True
Is 3761 a prime number?
True
Is 32989 a composite number?
True
Is 66769 a prime number?
False
Is 41801 a composite number?
False
Is 63653 composite?
True
Is 16771 a composite number?
True
Is 1142651 a prime number?
True
Is 6927 prime?
False
Is 83459 composite?
False
Is 62459 composite?
False
Is 24907 prime?
True
Is 7921 a composite number?
True
Is 33137 prime?
False
Is 23809 a prime number?
False
Is 446 prime?
False
Is 71131 prime?
False
Is 1189 prime?
False
Is 71819 a prime number?
False
Is 213986 prime?
False
Is 10327 prime?
False
Is 499 a composite number?
False
Is 153059 a composite number?
False
Is 176401 prime?
True
Is 461143 prime?
True
Is 30029 prime?
True
Is 31769 a prime number?
True
Is 34913 a composite number?
False
Is 76801 a composite number?
False
Is 19121 a prime number?
True
Is 2579 composite?
False
Is 16871 a composite number?
False
Is 23497 a composite number?
False
Is 3269 a prime number?
False
Is 28331 composite?
True
Is 9935 a composite number?
True
Is 4126 a prime number?
False
Is 2238413 a composite number?
False
Is 55439 a prime number?
True
Is 203417 prime?
True
Is 1741 composite?
False
Is 60719 a composite number?
False
Is 127951 a composite number?
False
Is 687863 a prime number?
False
Is 5971 composite?
True
Is 53189 a composite number?
False
Is 683983 a prime number?
True
Is 91801 a composite number?
False
Is 57299 a prime number?
False
Is 1343 a prime number?
False
Is 60589 composite?
False
Is 29935 composite?
True
Is 10061 a prime number?
True
Is 431097 a composite number?
True
Is 1691 a prime number?
False
Is 31613 a composite number?
True
Is 88117 prime?
True
Is 15107 a composite number?
False
Is 521861 a composite number?
False
Is 165901 composite?
False
Is 1343 composite?
True
Is 188519 composite?
False
Is 241361 prime?
True
Is 110221 prime?
True
Is 262781 a composite number?
False
Is 39394 a prime number?
False
Is 157067 composite?
True
Is 58511 a prime number?
True
Is 919 prime?
True
Is 191147 a composite number?
True
Is 1939 prime?
False
Is 958 prime?
False
Is 64265 composite?
True
Is 832705 prime?
False
Is 33815 prime?
False
Is 606077 prime?
True
Is 12853 a prime number?
True
Is 130901 a composite number?
True
Is 967 a composite number?
False
Is 2822269 a prime number?
True
Is 81053 prime?
False
Is 17558 a prime number?
False
Is 33049 a prime number?
True
Is 8419 prime?
True
Is 483427 prime?
False
Is 3564221 composite?
False
Is 47837 composite?
False
Is 64513 a composite number?
False
Is 111949 prime?
True
Is 325621 a prime number?
False
Is 235577 a prime number?
True
Is 333959 composite?
False
Is 286267 a composite number?
True
Is 1367 prime?
True
Is 15131 composite?
False
Is 567937 a composite number?
False
Is 115279 a composite number?
False
Is 284509 composite?
False
Is 7709 composite?
True
Is 40459 composite?
False
Is 2393 composite?
False
Is 65599 a prime number?
True
Is 5623 prime?
True
Is 218923 prime?
True
Is 215669 a prime number?
False
Is 693317 composite?
False
Is 16855 prime?
False
Is 565009 a prime number?
False
Is 577142 a composite number?
True
Is 5779 a composite number?
False
Is 19847 prime?
False
Is 1466 composite?
True
Is 66337 a composite number?
False
Is 103331 a composite number?
True
Is 33527 composite?
True
Is 7787 a prime number?
False
Is 13303 a composite number?
True
Is 12515 composite?
True
Is 2933 prime?
False
Is 9031 a composite number?
True
Is 187835 a prime number?
False
Is 94033 a prime number?
True
Is 42239 a composite number?
False
Is 5071567 a composite number?
False
Is 1303 a prime number?
True
Is 126913 prime?
True
Is 297821 composite?
True
Is 15311 composite?
True
Is 103691 prime?
False
Is 56843 prime?
True
Is 28685 composite?
True
Is 1531253 prime?
True
Is 24257 prime?
False
Is 9601 prime?
True
Is 43171 a prime number?
False
Is 90317 a composite number?
True
Is 240191 composite?
True
Is 1219679 a composite number?
False
Is 89429 prime?
False
Is 79087 prime?
True
Is 26365 prime?
False
Is 716087 composite?
False
Is 8081 a composite number?
False
Is 654587 a composite number?
False
Is 405029 a composite number?
False
Is 158987 a composite number?
True
Is 1037711 composite?
True
Is 315407 composite?
False
Is 211 a composite number?
False
Is 127931 prime?
True
Is 226997 a prime number?
False
Is 2899 a prime number?
False
Is 1507879 a prime number?
True
Is 23147 prime?
False
Is 98749 a composite number?
True
Is 15763 composite?
True
Is 4228585 a prime number?
False
Is 55267 prime?
False
Is 199309 a prime number?
False
Is 320797 a prime number?
False
Is 47543 prime?
True
Is 264599 a prime number?
True
Is 622397 prime?
True
Is 274163 composite?
False
Is 98269 a composite number?
False
Is 64221 prime?
False
Is 9533 composite?
False
Is 59333 a composite number?
False
Is 559 prime?
False
Is 28429 composite?
False
Is 569461 prime?
True
Is 77317 a composite number?
False
Is 117161 composite?
True
Is 815717 composite?
True
Is 3269 a composite number?
True
Is 137909 composite?
False
Is 69077 composite?
True
Is 772951 a composite number?
True
Is 15349 composite?
False
Is 259955 prime?
False
Is 25139 a composite number?
True
Is 8441 a composite number?
True
Is 38543 a prime number?
True
Is 524549 composite?
True
Is 520129 a composite number?
False
Is 428521 a composite number?
True
Is 1213 composite?
False
Is 9017 a prime number?
False
Is 673747 composite?
False
Is 7439 a prime number?
False
Is 2332427 composite?
False
Is 10243 composite?
False
Is 63689 prime?
True
Is 55973 a prime number?
False
Is 26794 prime?
False
Is 7435 a composite number?
True
Is 352489 a composite number?
False
Is 74551 composite?
False
Is 8467 composite?
False
Is 8779 a prime number?
True
Is 84299 prime?
True
Is 29771 a prime number?
False
Is 1446359 a prime number?
True
Is 1406479 a prime number?
True
Is 310459 a composite number?
False
Is 227003 prime?
False
Is 15727 prime?
True
Is 751 prime?
True
Is 21134 a composite number?
True
Is 1499007 composite?
True
Is 2431789 composite?
True
Is 31 a composite number?
False
Is 252277 a composite number?
False
Is 1171799 a composite number?
True
Is 266699 a prime number?
False
Is 2017 composite?
False
Is 428711 a prime number?
False
Is 2941 prime?
False
Is 7697 composite?
True
Is 108079 composite?
False
Is 123149 composite?
True
Is 5675543 composite?
False
Is 15419 a prime number?
False
Is 2719 a prime number?
True
Is 527237 a prime number?
True
Is 57543 composite?
True
Is 2680831 a prime number?
True
Is 2579 composite?
False
Is 86969 a prime number?
True
Is 18545 a composite number?
True
Is 1937 a composite number?
True
Is 507883 a composite number?
False
Is 82757 composite?
False
Is 424009 prime?
False
Is 4822 prime?
False
Is 85439 prime?
True
Is 161677 composite?
True
Is 997991 prime?
True
Is 18391 prime?
False
Is 7087 a prime number?
False
Is 1087 composite?
False
Is 55294 a composite number?
True
Is 5839 a composite number?
False
Is 32491 a composite number?
False
Is 650911 prime?
True
Is 211859 a composite number?
False
Is 51893 composite?
False
Is 293 a prime number?
True
Is 14765 prime?
False
Is 433141 a composite number?
False
Is 341 prime?
False
Is 98281 a composite number?
True
Is 41489 prime?
False
Is 129341 prime?
True
Is 42209 composite?
False
Is 9413 a prime number?
True
Is 310457 a composite number?
True
Is 368171 a composite number?
False
Is 2609 composite?
False
Is 437 prime?
False
Is 93967 a composite number?
False
Is 559 a composite number?
True
Is 12479 a prime number?
True
Is 3505 prime?
False
Is 15791 a prime number?
True
Is 48803 prime?
False
Is 152909 a composite number?
False
Is 12740777 composite?
True
Is 38413 a composite number?
True
Is 150767 a composite number?
False
Is 641 composite?
False
Is 20053 composite?
True
Is 3163 composite?
False
Is 365039 composite?
False
Is 30161 a prime number?
True
Is 221257 prime?
False
Is 2038 prime?
False
Is 55957 prime?
False
Is 59101 a prime number?
False
Is 86063 a composite number?
True
Is 193283 a prime number?
True
Is 680077 prime?
True
Is 61123 composite?
True
Is 199141 a prime number?
False
Is 37691 a composite number?
False
Is 12605 a prime number?
False
Is 48361 a prime number?
False
Is 484361 prime?
True
Is 87881 prime?
True
Is 3513359 composite?
False
Is 118273 